{"id":50,"date":"2024-09-12T12:51:22","date_gmt":"2024-09-12T12:51:22","guid":{"rendered":"https:\/\/kasemaa.ee\/m\/?page_id=50"},"modified":"2026-03-18T12:00:09","modified_gmt":"2026-03-18T12:00:09","slug":"cv","status":"publish","type":"page","link":"https:\/\/kasemaa.ee\/m\/cv\/","title":{"rendered":"CV"},"content":{"rendered":"\n<div class=\"wp-block-columns is-layout-flex wp-container-core-columns-is-layout-36caf46c wp-block-columns-is-layout-flex\" style=\"padding-left:0\">\n<div class=\"wp-block-column is-layout-constrained wp-container-core-column-is-layout-7165b048 wp-block-column-is-layout-constrained\" style=\"padding-right:var(--wp--preset--spacing--80);padding-left:0\">\n<p>S\u00fcndinud 1972. aastal Tallinnas. Eesti Kunstnike Liidu ja Tartu Kunstnike Liidu liige alates 1997. aastast. \u00d5ppis Tartu Kunstikoolis skulptuuri erialal (1990\u20131991) ning Tartu \u00dclikooli filosoofiateaduskonna maaliosakonnas (1991\u20131995).<br>Ado Vabbe preemia laureaat.<\/p>\n\n\n\n<p>On korraldanud \u00fcle 50 isikun\u00e4ituse ja osalenud \u00fcle 50 \u00fchisn\u00e4itusel Eestis ja rahvusvaheliselt.<\/p>\n\n\n\n<h1 class=\"wp-block-heading has-medium-font-size\"><strong>Valik isikun\u00e4itusi ja projekte<\/strong><\/h1>\n\n\n\n<p><strong>Valik isikun\u00e4itusi<\/strong><\/p>\n\n\n\n<ul class=\"wp-block-list\">\n<li>Ankara Moodsa Kunsti Muuseum CerModern<\/li>\n\n\n\n<li>Tartu Kunstimaja<\/li>\n\n\n\n<li>Dataran Undrgrnd @KL Independence Square koost\u00f6\u00f6s Kuala Lumpuri linnavalitsusega<\/li>\n\n\n\n<li>Narva Muuseum, Narva<\/li>\n\n\n\n<li>Cam\u00f5es\u2019i Instituut, Lissabon, Portugal<\/li>\n\n\n\n<li>Pal\u00e1cio das Artes \u2013 F\u00e1brica de Talentos, Porto, Portugal<\/li>\n\n\n\n<li>Ribeira Grande linnateater, Ponta Delgada, Assoorid<\/li>\n\n\n\n<li>Leedu Teatri-, Muusika- ja Kinomuuseum, Vilnius; Pico Meremuuseumi kunstikeskus, Assoorid; Sideajaloo Muuseum, Kaunas<\/li>\n<\/ul>\n\n\n\n<hr class=\"wp-block-separator has-alpha-channel-opacity\"\/>\n\n\n\n<p>Valik \u00fchisn\u00e4itusi<\/p>\n\n\n\n<ul class=\"wp-block-list\">\n<li>Viinistu Kunstimuuseum<\/li>\n\n\n\n<li>\u201eArte Laguna Prize\u201c, Veneetsia Arsenal<\/li>\n\n\n\n<li>\u201eUkrainian Art Week\u201c<\/li>\n\n\n\n<li>Tallinna Rahvusvaheline Graafikatriennaal, 2007<\/li>\n\n\n\n<li>NORD ART \u2013 B\u00fcdelsdorf, Saksamaa<\/li>\n\n\n\n<li>Vilniuse Raekoda<\/li>\n\n\n\n<li>Limericki Raekoda, Iirimaa<\/li>\n\n\n\n<li>\u201eLonging for Freedom\u201c, Oxford Castle Prison, Oxford<\/li>\n\n\n\n<li>L\u00fcneburg HanseArtWorks<\/li>\n<\/ul>\n\n\n\n<hr class=\"wp-block-separator has-alpha-channel-opacity\"\/>\n<\/div>\n\n\n\n<div class=\"wp-block-column is-layout-flow wp-block-column-is-layout-flow\" style=\"flex-basis:400px\">\n<figure data-wp-context=\"{&quot;imageId&quot;:&quot;69f5bbded0ab0&quot;}\" data-wp-interactive=\"core\/image\" class=\"wp-block-image size-large is-resized wp-lightbox-container\"><img loading=\"lazy\" decoding=\"async\" width=\"619\" height=\"1024\" data-attachment-id=\"1047\" data-permalink=\"https:\/\/kasemaa.ee\/m\/cv\/image-58\/\" data-orig-file=\"https:\/\/kasemaa.ee\/m\/wp-content\/uploads\/2025\/11\/image-53.png\" data-orig-size=\"1200,1984\" data-comments-opened=\"1\" data-image-meta=\"{&quot;aperture&quot;:&quot;0&quot;,&quot;credit&quot;:&quot;&quot;,&quot;camera&quot;:&quot;&quot;,&quot;caption&quot;:&quot;&quot;,&quot;created_timestamp&quot;:&quot;0&quot;,&quot;copyright&quot;:&quot;&quot;,&quot;focal_length&quot;:&quot;0&quot;,&quot;iso&quot;:&quot;0&quot;,&quot;shutter_speed&quot;:&quot;0&quot;,&quot;title&quot;:&quot;&quot;,&quot;orientation&quot;:&quot;0&quot;}\" data-image-title=\"image\" data-image-description=\"\" data-image-caption=\"\" data-medium-file=\"https:\/\/kasemaa.ee\/m\/wp-content\/uploads\/2025\/11\/image-53-181x300.png\" data-large-file=\"https:\/\/kasemaa.ee\/m\/wp-content\/uploads\/2025\/11\/image-53-619x1024.png\" data-wp-class--hide=\"state.isContentHidden\" data-wp-class--show=\"state.isContentVisible\" data-wp-init=\"callbacks.setButtonStyles\" data-wp-on-async--click=\"actions.showLightbox\" data-wp-on-async--load=\"callbacks.setButtonStyles\" data-wp-on-async-window--resize=\"callbacks.setButtonStyles\" src=\"https:\/\/kasemaa.ee\/m\/wp-content\/uploads\/2025\/11\/image-53-619x1024.png\" alt=\"\" class=\"wp-image-1047\" style=\"width:305px;height:auto\" srcset=\"https:\/\/kasemaa.ee\/m\/wp-content\/uploads\/2025\/11\/image-53-619x1024.png 619w, https:\/\/kasemaa.ee\/m\/wp-content\/uploads\/2025\/11\/image-53-181x300.png 181w, https:\/\/kasemaa.ee\/m\/wp-content\/uploads\/2025\/11\/image-53-768x1270.png 768w, https:\/\/kasemaa.ee\/m\/wp-content\/uploads\/2025\/11\/image-53-929x1536.png 929w, https:\/\/kasemaa.ee\/m\/wp-content\/uploads\/2025\/11\/image-53-7x12.png 7w, https:\/\/kasemaa.ee\/m\/wp-content\/uploads\/2025\/11\/image-53.png 1200w\" sizes=\"auto, (max-width: 619px) 100vw, 619px\" \/><button\n\t\t\tclass=\"lightbox-trigger\"\n\t\t\ttype=\"button\"\n\t\t\taria-haspopup=\"dialog\"\n\t\t\taria-label=\"Enlarge\"\n\t\t\tdata-wp-init=\"callbacks.initTriggerButton\"\n\t\t\tdata-wp-on-async--click=\"actions.showLightbox\"\n\t\t\tdata-wp-style--right=\"state.imageButtonRight\"\n\t\t\tdata-wp-style--top=\"state.imageButtonTop\"\n\t\t>\n\t\t\t<svg xmlns=\"http:\/\/www.w3.org\/2000\/svg\" width=\"12\" height=\"12\" fill=\"none\" viewBox=\"0 0 12 12\">\n\t\t\t\t<path fill=\"#fff\" d=\"M2 0a2 2 0 0 0-2 2v2h1.5V2a.5.5 0 0 1 .5-.5h2V0H2Zm2 10.5H2a.5.5 0 0 1-.5-.5V8H0v2a2 2 0 0 0 2 2h2v-1.5ZM8 12v-1.5h2a.5.5 0 0 0 .5-.5V8H12v2a2 2 0 0 1-2 2H8Zm2-12a2 2 0 0 1 2 2v2h-1.5V2a.5.5 0 0 0-.5-.5H8V0h2Z\" \/>\n\t\t\t<\/svg>\n\t\t<\/button><\/figure>\n\n\n\n<p><em>Foto: Krister Kasemaa<\/em><\/p>\n<\/div>\n<\/div>\n\n\n\n<p>Lisaks klassikalisele maalikunstile on ta loonud illustratsiooni- ja visuaalprojekte teadus- ja kultuuriv\u00e4ljaannetele ning avalikele s\u00fcndmustele, muu hulgas kaanepildid ajakirjadele <em>Nature<\/em> ja <em>Cell<\/em>, kaarte sarjas <em>Impromaps<\/em> sh Eesti Rahvusatlases, Rand &amp; Tuulbergi 25. aastap\u00e4evaks loodud kunstiseeria ja animatsioonid Lennusadamas ning illustratsiooniseeria Eesti Teadusagentuuri tippkeskuste \u00fclevaateraamatusse. Samuti on ta pidanud loenguid ja ettekandeid visuaalse kultuuri ja kunstilise m\u00f5tlemise teemadel, sh rahvusvahelistel konverentsidel, n\u00e4iteks Dubai majanduskonverentsil <em>Innovation Arabia<\/em>.<\/p>\n\n\n\n<hr class=\"wp-block-separator has-alpha-channel-opacity\"\/>\n\n\n\n<h1 class=\"wp-block-heading has-medium-font-size\"><strong>Lisainfo<\/strong><\/h1>\n\n\n\n<p>Veeb: <strong><a href=\"http:\/\/www.kasemaa.ee\">www.kasemaa.ee<\/a><\/strong><br>Facebook: <strong><a href=\"http:\/\/facebook.com\/kasemaakunst\">facebook.com\/kasemaakunst<\/a><\/strong><\/p>\n\n\n\n<p><\/p>\n","protected":false},"excerpt":{"rendered":"<p>S\u00fcndinud 1972. aastal Tallinnas. Eesti Kunstnike Liidu ja Tartu Kunstnike Liidu liige alates 1997. aastast. \u00d5ppis Tartu Kunstikoolis skulptuuri erialal [&hellip;]<\/p>\n","protected":false},"author":1,"featured_media":0,"parent":0,"menu_order":0,"comment_status":"closed","ping_status":"closed","template":"","meta":{"_uag_custom_page_level_css":"","_monsterinsights_skip_tracking":false,"_monsterinsights_sitenote_active":false,"_monsterinsights_sitenote_note":"","_monsterinsights_sitenote_category":0,"site-sidebar-layout":"default","site-content-layout":"","ast-site-content-layout":"","site-content-style":"default","site-sidebar-style":"default","ast-global-header-display":"","ast-banner-title-visibility":"","ast-main-header-display":"","ast-hfb-above-header-display":"","ast-hfb-below-header-display":"","ast-hfb-mobile-header-display":"","site-post-title":"disabled","ast-breadcrumbs-content":"","ast-featured-img":"","footer-sml-layout":"","theme-transparent-header-meta":"","adv-header-id-meta":"","stick-header-meta":"","header-above-stick-meta":"","header-main-stick-meta":"","header-below-stick-meta":"","astra-migrate-meta-layouts":"default","ast-page-background-enabled":"default","ast-page-background-meta":{"desktop":{"background-color":"var(--ast-global-color-4)","background-image":"","background-repeat":"repeat","background-position":"center center","background-size":"auto","background-attachment":"scroll","background-type":"","background-media":"","overlay-type":"","overlay-color":"","overlay-opacity":"","overlay-gradient":""},"tablet":{"background-color":"","background-image":"","background-repeat":"repeat","background-position":"center center","background-size":"auto","background-attachment":"scroll","background-type":"","background-media":"","overlay-type":"","overlay-color":"","overlay-opacity":"","overlay-gradient":""},"mobile":{"background-color":"","background-image":"","background-repeat":"repeat","background-position":"center center","background-size":"auto","background-attachment":"scroll","background-type":"","background-media":"","overlay-type":"","overlay-color":"","overlay-opacity":"","overlay-gradient":""}},"ast-content-background-meta":{"desktop":{"background-color":"var(--ast-global-color-5)","background-image":"","background-repeat":"repeat","background-position":"center center","background-size":"auto","background-attachment":"scroll","background-type":"","background-media":"","overlay-type":"","overlay-color":"","overlay-opacity":"","overlay-gradient":""},"tablet":{"background-color":"var(--ast-global-color-5)","background-image":"","background-repeat":"repeat","background-position":"center center","background-size":"auto","background-attachment":"scroll","background-type":"","background-media":"","overlay-type":"","overlay-color":"","overlay-opacity":"","overlay-gradient":""},"mobile":{"background-color":"var(--ast-global-color-5)","background-image":"","background-repeat":"repeat","background-position":"center center","background-size":"auto","background-attachment":"scroll","background-type":"","background-media":"","overlay-type":"","overlay-color":"","overlay-opacity":"","overlay-gradient":""}},"ngg_post_thumbnail":0,"footnotes":""},"folder":[],"class_list":["post-50","page","type-page","status-publish","hentry"],"uagb_featured_image_src":{"full":false,"thumbnail":false,"medium":false,"medium_large":false,"large":false,"1536x1536":false,"2048x2048":false,"mailpoet_newsletter_max":false},"uagb_author_info":{"display_name":"admin","author_link":"https:\/\/kasemaa.ee\/m\/author\/admin\/"},"uagb_comment_info":0,"uagb_excerpt":"S\u00fcndinud 1972. aastal Tallinnas. Eesti Kunstnike Liidu ja Tartu Kunstnike Liidu liige alates 1997. aastast. \u00d5ppis Tartu Kunstikoolis skulptuuri erialal [&hellip;]","jetpack_sharing_enabled":true,"_links":{"self":[{"href":"https:\/\/kasemaa.ee\/m\/wp-json\/wp\/v2\/pages\/50","targetHints":{"allow":["GET"]}}],"collection":[{"href":"https:\/\/kasemaa.ee\/m\/wp-json\/wp\/v2\/pages"}],"about":[{"href":"https:\/\/kasemaa.ee\/m\/wp-json\/wp\/v2\/types\/page"}],"author":[{"embeddable":true,"href":"https:\/\/kasemaa.ee\/m\/wp-json\/wp\/v2\/users\/1"}],"replies":[{"embeddable":true,"href":"https:\/\/kasemaa.ee\/m\/wp-json\/wp\/v2\/comments?post=50"}],"version-history":[{"count":44,"href":"https:\/\/kasemaa.ee\/m\/wp-json\/wp\/v2\/pages\/50\/revisions"}],"predecessor-version":[{"id":1798,"href":"https:\/\/kasemaa.ee\/m\/wp-json\/wp\/v2\/pages\/50\/revisions\/1798"}],"wp:attachment":[{"href":"https:\/\/kasemaa.ee\/m\/wp-json\/wp\/v2\/media?parent=50"}],"wp:term":[{"taxonomy":"folder","embeddable":true,"href":"https:\/\/kasemaa.ee\/m\/wp-json\/wp\/v2\/folder?post=50"}],"curies":[{"name":"wp","href":"https:\/\/api.w.org\/{rel}","templated":true}]}}

<div class="wp-block-columns is-layout-flex wp-container-core-columns-is-layout-36caf46c wp-block-columns-is-layout-flex" style="padding-left:0">
<div class="wp-block-column is-layout-constrained wp-container-core-column-is-layout-7165b048 wp-block-column-is-layout-constrained" style="padding-right:var(--wp--preset--spacing--80);padding-left:0">
<p>Sündinud 1972. aastal Tallinnas. Eesti Kunstnike Liidu ja Tartu Kunstnike Liidu liige alates 1997. aastast. Õppis Tartu Kunstikoolis skulptuuri erialal (1990–1991) ning Tartu Ülikooli filosoofiateaduskonna maaliosakonnas (1991–1995).<br>Ado Vabbe preemia laureaat.</p>



<p>On korraldanud üle 50 isikunäituse ja osalenud üle 50 ühisnäitusel Eestis ja rahvusvaheliselt.</p>



<h1 class="wp-block-heading has-medium-font-size"><strong>Valik isikunäitusi ja projekte</strong></h1>



<p><strong>Valik isikunäitusi</strong></p>



<ul class="wp-block-list">
<li>Ankara Moodsa Kunsti Muuseum CerModern</li>



<li>Tartu Kunstimaja</li>



<li>Dataran Undrgrnd @KL Independence Square koostöös Kuala Lumpuri linnavalitsusega</li>



<li>Narva Muuseum, Narva</li>



<li>Camões’i Instituut, Lissabon, Portugal</li>



<li>Palácio das Artes – Fábrica de Talentos, Porto, Portugal</li>



<li>Ribeira Grande linnateater, Ponta Delgada, Assoorid</li>



<li>Leedu Teatri-, Muusika- ja Kinomuuseum, Vilnius; Pico Meremuuseumi kunstikeskus, Assoorid; Sideajaloo Muuseum, Kaunas</li>
</ul>



<hr class="wp-block-separator has-alpha-channel-opacity"/>



<p>Valik ühisnäitusi</p>



<ul class="wp-block-list">
<li>Viinistu Kunstimuuseum</li>



<li>„Arte Laguna Prize“, Veneetsia Arsenal</li>



<li>„Ukrainian Art Week“</li>



<li>Tallinna Rahvusvaheline Graafikatriennaal, 2007</li>



<li>NORD ART – Büdelsdorf, Saksamaa</li>



<li>Vilniuse Raekoda</li>



<li>Limericki Raekoda, Iirimaa</li>



<li>„Longing for Freedom“, Oxford Castle Prison, Oxford</li>



<li>Lüneburg HanseArtWorks</li>
</ul>



<hr class="wp-block-separator has-alpha-channel-opacity"/>
</div>



<div class="wp-block-column is-layout-flow wp-block-column-is-layout-flow" style="flex-basis:400px">
<figure data-wp-context="{&quot;imageId&quot;:&quot;69f5bbded0ab0&quot;}" data-wp-interactive="core/image" class="wp-block-image size-large is-resized wp-lightbox-container"><img loading="lazy" decoding="async" width="619" height="1024" data-attachment-id="1047" data-permalink="https://kasemaa.ee/m/cv/image-58/" data-orig-file="https://kasemaa.ee/m/wp-content/uploads/2025/11/image-53.png" data-orig-size="1200,1984" data-comments-opened="1" data-image-meta="{&quot;aperture&quot;:&quot;0&quot;,&quot;credit&quot;:&quot;&quot;,&quot;camera&quot;:&quot;&quot;,&quot;caption&quot;:&quot;&quot;,&quot;created_timestamp&quot;:&quot;0&quot;,&quot;copyright&quot;:&quot;&quot;,&quot;focal_length&quot;:&quot;0&quot;,&quot;iso&quot;:&quot;0&quot;,&quot;shutter_speed&quot;:&quot;0&quot;,&quot;title&quot;:&quot;&quot;,&quot;orientation&quot;:&quot;0&quot;}" data-image-title="image" data-image-description="" data-image-caption="" data-medium-file="https://kasemaa.ee/m/wp-content/uploads/2025/11/image-53-181x300.png" data-large-file="https://kasemaa.ee/m/wp-content/uploads/2025/11/image-53-619x1024.png" data-wp-class--hide="state.isContentHidden" data-wp-class--show="state.isContentVisible" data-wp-init="callbacks.setButtonStyles" data-wp-on-async--click="actions.showLightbox" data-wp-on-async--load="callbacks.setButtonStyles" data-wp-on-async-window--resize="callbacks.setButtonStyles" src="https://kasemaa.ee/m/wp-content/uploads/2025/11/image-53-619x1024.png" alt="" class="wp-image-1047" style="width:305px;height:auto" srcset="https://kasemaa.ee/m/wp-content/uploads/2025/11/image-53-619x1024.png 619w, https://kasemaa.ee/m/wp-content/uploads/2025/11/image-53-181x300.png 181w, https://kasemaa.ee/m/wp-content/uploads/2025/11/image-53-768x1270.png 768w, https://kasemaa.ee/m/wp-content/uploads/2025/11/image-53-929x1536.png 929w, https://kasemaa.ee/m/wp-content/uploads/2025/11/image-53-7x12.png 7w, https://kasemaa.ee/m/wp-content/uploads/2025/11/image-53.png 1200w" sizes="auto, (max-width: 619px) 100vw, 619px" /><button
			class="lightbox-trigger"
			type="button"
			aria-haspopup="dialog"
			aria-label="Enlarge"
			data-wp-init="callbacks.initTriggerButton"
			data-wp-on-async--click="actions.showLightbox"
			data-wp-style--right="state.imageButtonRight"
			data-wp-style--top="state.imageButtonTop"
		>
			<svg xmlns="http://www.w3.org/2000/svg" width="12" height="12" fill="none" viewBox="0 0 12 12">
				<path fill="#fff" d="M2 0a2 2 0 0 0-2 2v2h1.5V2a.5.5 0 0 1 .5-.5h2V0H2Zm2 10.5H2a.5.5 0 0 1-.5-.5V8H0v2a2 2 0 0 0 2 2h2v-1.5ZM8 12v-1.5h2a.5.5 0 0 0 .5-.5V8H12v2a2 2 0 0 1-2 2H8Zm2-12a2 2 0 0 1 2 2v2h-1.5V2a.5.5 0 0 0-.5-.5H8V0h2Z" />
			</svg>
		</button></figure>



<p><em>Foto: Krister Kasemaa</em></p>
</div>
</div>



<p>Lisaks klassikalisele maalikunstile on ta loonud illustratsiooni- ja visuaalprojekte teadus- ja kultuuriväljaannetele ning avalikele sündmustele, muu hulgas kaanepildid ajakirjadele <em>Nature</em> ja <em>Cell</em>, kaarte sarjas <em>Impromaps</em> sh Eesti Rahvusatlases, Rand &amp; Tuulbergi 25. aastapäevaks loodud kunstiseeria ja animatsioonid Lennusadamas ning illustratsiooniseeria Eesti Teadusagentuuri tippkeskuste ülevaateraamatusse. Samuti on ta pidanud loenguid ja ettekandeid visuaalse kultuuri ja kunstilise mõtlemise teemadel, sh rahvusvahelistel konverentsidel, näiteks Dubai majanduskonverentsil <em>Innovation Arabia</em>.</p>



<hr class="wp-block-separator has-alpha-channel-opacity"/>



<h1 class="wp-block-heading has-medium-font-size"><strong>Lisainfo</strong></h1>



<p>Veeb: <strong><a href="http://www.kasemaa.ee">www.kasemaa.ee</a></strong><br>Facebook: <strong><a href="http://facebook.com/kasemaakunst">facebook.com/kasemaakunst</a></strong></p>



<p></p>

<p>Sündinud 1972. aastal Tallinnas. Eesti Kunstnike Liidu ja Tartu Kunstnike Liidu liige alates 1997. aastast. Õppis Tartu Kunstikoolis skulptuuri erialal [&hellip;]</p>

Sündinud 1972. aastal Tallinnas. Eesti Kunstnike Liidu ja Tartu Kunstnike Liidu liige alates 1997. aastast. Õppis Tartu Kunstikoolis skulptuuri erialal [&hellip;]
